{"id":3383,"date":"2022-09-05T12:41:23","date_gmt":"2022-09-05T10:41:23","guid":{"rendered":"https:\/\/digitmed.pl\/?page_id=3383"},"modified":"2024-01-15T14:51:12","modified_gmt":"2024-01-15T13:51:12","slug":"strona-glowna","status":"publish","type":"page","link":"https:\/\/digitmed.pl\/","title":{"rendered":"Strona G\u0142\u00f3wna"},"content":{"rendered":"<div class=\"brz-root__container brz-reset-all\">\n<section id=\"rpbhzhpmchgtfqnyiackuugnvcorrbxbkmkn\" data-brz-iteration-count=\"1\" class=\"brz-section brz-css-yb9Qy brz-animated brz-css-xQw55 brz-css-boayK\">\n<div class=\"brz-section__content brz-section--boxed brz-css-bK7Rw brz-css-seHo3\" data-brz-custom-id=\"bwrxfdmgtbymbrlyhwqziwjqbnuxoglifwso\">\n<div class=\"brz-bg\">\n<div class=\"brz-bg-image\"><\/div>\n<\/div>\n<div class=\"brz-container brz-css-zpauK\">\n<div id class=\"brz-css-qFGgn brz-css-lihRW brz-wrapper\">\n<div class=\"brz-spacer brz-css-bQao6 brz-css-cusSI\"><\/div>\n<\/div>\n<div id class=\"brz-css-qFGgn brz-css-lihRW brz-wrapper\">\n<div class=\"brz-spacer brz-css-bQao6 brz-css-wIkPU\"><\/div>\n<\/div>\n<div id class=\"brz-css-qFGgn brz-wrapper\">\n<div class=\"brz-rich-text brz-rich-text__custom brz-css-spDGa\" data-brz-custom-id=\"skvrgrkjwqdvlzqqojfryeiqwhqvgclkylgd\">\n<div data-brz-translate-text=\"1\">\n<p class=\"brz-text-lg-center brz-fss-lg-px brz-fw-lg-400 brz-ls-lg-0 brz-lh-lg-1_7 brz-tp-lg-empty brz-ff-montserrat brz-ft-google brz-fs-lg-60 brz-fss-xs-px brz-fw-xs-400 brz-ls-xs-0 brz-lh-xs-1_7 brz-tp-xs-empty brz-fs-xs-45 brz-css-ncWly\" data-generated-css=\"brz-css-zdndg\" data-uniq-id=\"beqfw\"><strong class=\"brz-cp-color8\" style=\"text-shadow: rgba(255, 255, 255, 0) 0px 0px 0px;\">Innowacyjne rozwi\u0105zania<\/strong><\/p>\n<\/div>\n<\/div>\n<\/div>\n<div id class=\"brz-css-qFGgn brz-wrapper\">\n<div class=\"brz-rich-text brz-rich-text__custom brz-css-spDGa\" data-brz-custom-id=\"efqehgpxzitfmvphljtblocqegkqilaheedy\">\n<div data-brz-translate-text=\"1\">\n<p class=\"brz-fs-lg-32 brz-ft-google brz-ff-montserrat brz-tp-lg-empty brz-lh-lg-1_7 brz-ls-lg-0 brz-fw-lg-400 brz-fss-lg-px brz-text-lg-center brz-fss-xs-px brz-fw-xs-400 brz-ls-xs-0 brz-lh-xs-1_7 brz-tp-xs-empty brz-fs-xs-25 brz-css-xjORa\" data-uniq-id=\"dqrbv\" data-generated-css=\"brz-css-bycej\"><strong class=\"brz-cp-color8\">Digitmed to innowacyjne rozwi\u0105zania dopasowane do potrzeb klienta<\/strong><\/p>\n<\/div>\n<\/div>\n<\/div>\n<div id class=\"brz-css-qFGgn brz-css-lihRW brz-wrapper\">\n<div class=\"brz-spacer brz-css-bQao6 brz-css-uVtOJ\"><\/div>\n<\/div>\n<\/div>\n<\/div>\n<\/section>\n<section id=\"fmbwyqvoxmyrmkrevuhnwkvviadtvlhcujtb\" class=\"brz-section brz-css-yb9Qy\">\n<div class=\"brz-section__content brz-section--boxed brz-css-bK7Rw brz-css-oSNje\" data-brz-custom-id=\"upxxfctptpynbrrqicecxelyjuxlpibrywhb\">\n<div class=\"brz-bg\">\n<div class=\"brz-bg-color\"><\/div>\n<\/div>\n<div class=\"brz-container brz-css-zpauK\">\n<div class=\"brz-row__container brz-css-qLKAf\" data-brz-custom-id=\"fwjseyqhehdoqzxulbrssjvmfkmfwqsibawm\">\n<div class=\"brz-bg\"><\/div>\n<div class=\"brz-row brz-css-h2wqo brz-css-dCMCO\">\n<div class=\"brz-columns brz-css-ia2yL brz-css-ccx1P\" data-brz-custom-id=\"cosclcilsoelqzdpzrkpgodvvtcedrepvtwc\">\n<div class=\"brz-bg\"><\/div>\n<div class=\"brz-column__items brz-css-oBhc3 brz-css-uml2q\">\n<div id class=\"brz-css-qFGgn brz-css-ad601 brz-wrapper\">\n<div class=\"brz-image brz-css-tPT65 brz-css-klk8i\" data-brz-custom-id=\"wffsrmldggagtqeblqagfzwommhvnwzqiuyg\"><picture class=\"brz-picture brz-d-block brz-p-relative brz-css-vrqBl\"><source srcset=\"https:\/\/digitmed.pl\/wp-content\/uploads\/brizy\/imgs\/Centrum-21-of-112-1-663x465x74x0x516x465x1662371277.jpg 1x, https:\/\/digitmed.pl\/wp-content\/uploads\/brizy\/imgs\/Centrum-21-of-112-1-1326x930x148x0x1032x930x1662371277.jpg 2x\" media=\"(min-width: 992px)\"><source srcset=\"https:\/\/digitmed.pl\/wp-content\/uploads\/brizy\/imgs\/Centrum-21-of-112-1-419x293x47x0x326x293x1662371277.jpg 1x, https:\/\/digitmed.pl\/wp-content\/uploads\/brizy\/imgs\/Centrum-21-of-112-1-838x586x94x0x652x586x1662371277.jpg 2x\" media=\"(min-width: 768px)\"><img decoding=\"async\" class=\"brz-img\" srcset=\"https:\/\/digitmed.pl\/wp-content\/uploads\/brizy\/imgs\/Centrum-21-of-112-1-457x320x51x0x355x320x1662371277.jpg 1x, https:\/\/digitmed.pl\/wp-content\/uploads\/brizy\/imgs\/Centrum-21-of-112-1-914x640x102x0x710x640x1662371277.jpg 2x\" src=\"https:\/\/digitmed.pl\/wp-content\/uploads\/brizy\/imgs\/Centrum-21-of-112-1-663x465x74x0x516x465x1662371277.jpg\" alt=\"\" draggable=\"false\" loading=\"lazy\"><\/picture><\/div>\n<\/div>\n<\/div>\n<\/div>\n<div class=\"brz-columns brz-css-ia2yL brz-css-vt1p2\" data-brz-custom-id=\"tcrorbcwxgqaodqjurptsuwfbopuxtcovsyn\">\n<div class=\"brz-column__items brz-css-oBhc3 brz-css-bnu5O\">\n<div id class=\"brz-css-qFGgn brz-css-lihRW brz-wrapper\">\n<div class=\"brz-spacer brz-css-bQao6 brz-css-zXAhy\"><\/div>\n<\/div>\n<div id class=\"brz-css-qFGgn brz-css-jAdMQ brz-wrapper\">\n<div class=\"brz-rich-text brz-rich-text__custom brz-css-spDGa\" data-brz-custom-id=\"fwnsxirtmyorkvpyncjgoxreklkbwndixcoj\">\n<div data-brz-translate-text=\"1\">\n<h5 class=\"brz-text-lg-left brz-tp-lg-empty brz-ff-noto_sans brz-ft-google brz-fs-lg-22 brz-fss-lg-px brz-fw-lg-700 brz-ls-lg-0 brz-lh-lg-1_6 brz-css-feX5f\" data-uniq-id=\"awdls\" data-generated-css=\"brz-css-chtmb\"><span style=\"color: rgb(0, 0, 0); background-color: transparent;\">Firma Digitmed realizuje projekty informatyczne i marketingowe, kt\u00f3re g\u0142\u0119boko wnikaj\u0105 w proces biznesowy klienta. Nie tworzymy dora\u017anych rozwi\u0105za\u0144. Pomagamy instytucji zamawiaj\u0105cej przechodzi\u0107 transformacj\u0119 cyfrow\u0105 razem z transformacj\u0105 biznesow\u0105. Projekty s\u0105 przeznaczone dla firm, kt\u00f3re potrafi\u0105 okre\u015bli\u0107 cele, jakie chc\u0105 osi\u0105gn\u0105\u0107. Aby skutecznie realizowa\u0107 ten spos\u00f3b pracy, dysponujemy zasobami analitycznymi, dzi\u0119ki kt\u00f3rym potrafimy zdefiniowa\u0107 wyzwania i sposoby ich realizacji (analiza procesu, analiza danych, analiza prawna), zasobami dewelopersko-konstrukcyjnymi, kt\u00f3re konieczne rozwi\u0105zania dostosowuj\u0105 do indywidualnych potrzeb klienta (urz\u0105dzenia, oprogramowanie, wspomaganie decyzji przez sieci neuronowe), oraz zasobami wdro\u017ceniowymi, dzi\u0119ki kt\u00f3rym zaimplementujemy zmiany cyfrowe w kulturze danej organizacji (zarz\u0105dzanie zmian\u0105).<\/span><\/h5>\n<\/div>\n<\/div>\n<\/div>\n<\/div>\n<\/div>\n<\/div>\n<\/div>\n<\/div>\n<\/div>\n<\/section>\n<section id=\"ekolxauvisthvoijwpweylhckejqvobdrxgw\" class=\"brz-section brz-css-yb9Qy\">\n<div class=\"brz-section__content brz-section--boxed brz-css-bK7Rw brz-css-p_k1m\" data-brz-custom-id=\"wvltnemmyxvrjpaqhihvsnxcqlmlnkkorhgi\">\n<div class=\"brz-bg\">\n<div class=\"brz-bg-color\"><\/div>\n<\/div>\n<div class=\"brz-container brz-css-zpauK\">\n<div id class=\"brz-css-qFGgn brz-css-iHmjV brz-wrapper\">\n<div class=\"brz-rich-text brz-rich-text__custom brz-css-spDGa\" data-brz-custom-id=\"cmvpdevwuaoelpcbscykhucuglkfkajwrqtv\">\n<div data-brz-translate-text=\"1\">\n<h2 class=\"brz-text-lg-center brz-tp-lg-empty brz-ff-montserrat brz-ft-google brz-fs-lg-60 brz-fss-lg-px brz-fw-lg-700 brz-ls-lg-0 brz-lh-lg-1_3 brz-css-pRCbV\" data-uniq-id=\"kgvbg\" data-generated-css=\"brz-css-oiqzr\"><span style=\"color: rgb(0, 0, 0);\">Co oferuj\u0105 nasze produkty?<\/span><\/h2>\n<\/div>\n<\/div>\n<\/div>\n<div id class=\"brz-css-qFGgn brz-css-lihRW brz-css-vyP17 brz-wrapper\">\n<div class=\"brz-spacer brz-css-bQao6 brz-css-rOlWB\"><\/div>\n<\/div>\n<div id class=\"brz-css-qFGgn brz-css-lihRW brz-wrapper\">\n<div class=\"brz-spacer brz-css-bQao6 brz-css-kMjDs\"><\/div>\n<\/div>\n<div class=\"brz-row__container brz-css-qLKAf\" data-brz-custom-id=\"yiesipzbmeqfldtkggnsjzpvqjdxrrgtxvdu\">\n<div class=\"brz-bg\"><\/div>\n<div class=\"brz-row brz-css-h2wqo brz-css-dCMCO\">\n<div class=\"brz-columns brz-css-ia2yL brz-css-kbaeU\" data-brz-custom-id=\"olnpzeqpwhaarcgwawpkbhnictssjaawvgga\">\n<div class=\"brz-bg\">\n<div class=\"brz-bg-color\"><\/div>\n<\/div>\n<div class=\"brz-column__items brz-css-oBhc3 brz-css-v_T5k\">\n<div id class=\"brz-css-qFGgn brz-css-cveUs brz-wrapper\">\n<div class=\"brz-icon-text brz-css-jg_PX brz-css-mn1oo\" data-brz-custom-id=\"xwbjcirblkpyonxzswxytofjybzlbxhuqcsj\">\n<div class=\"brz-icon__container\" data-brz-custom-id=\"pghygzvueziwrziutyrsoezmaclgvcyjrzjf\"><span class=\"brz-icon brz-span brz-css-v2iIf brz-css-nFhJ3\"><svg xmlns=\"http:\/\/www.w3.org\/2000\/svg\" viewbox=\"0 0 576 512\" class=\"brz-icon-svg align-[initial]\" data-type=\"fa\" data-name=\"leanpub\"><path d=\"m386.539 111.485 15.096 248.955-10.979-.275c-36.232-.824-71.64 8.783-102.657 27.997-31.016-19.214-66.424-27.997-102.657-27.997-45.564 0-82.07 10.705-123.516 27.723L93.117 129.6c28.546-11.803 61.484-18.115 92.226-18.115 41.173 0 73.836 13.175 102.657 42.544 27.723-28.271 59.013-41.721 98.539-42.544zM569.07 448c-25.526 0-47.485-5.215-70.542-15.645-34.31-15.645-69.993-24.978-107.871-24.978-38.977 0-74.934 12.901-102.657 40.623-27.723-27.723-63.68-40.623-102.657-40.623-37.878 0-73.561 9.333-107.871 24.978C55.239 442.236 32.731 448 8.303 448H6.93L49.475 98.859C88.726 76.626 136.486 64 181.775 64 218.83 64 256.984 71.685 288 93.095 319.016 71.685 357.17 64 394.225 64c45.289 0 93.049 12.626 132.3 34.859L569.07 448zm-43.368-44.741-34.036-280.246c-30.742-13.999-67.248-21.41-101.009-21.41-38.428 0-74.385 12.077-102.657 38.702-28.272-26.625-64.228-38.702-102.657-38.702-33.761 0-70.267 7.411-101.009 21.41L50.298 403.259c47.211-19.487 82.894-33.486 135.045-33.486 37.604 0 70.817 9.606 102.657 29.644 31.84-20.038 65.052-29.644 102.657-29.644 52.151 0 87.834 13.999 135.045 33.486z\"\/><\/svg><\/span><\/div>\n<div class=\"brz-text-btn\">\n<div class=\"brz-rich-text brz-rich-text__custom brz-css-spDGa\" data-brz-custom-id=\"kvrwzshmydjzuxbxfsdnmwekilblfkyhpctr\">\n<div data-brz-translate-text=\"1\">\n<h6 class=\"brz-lh-lg-1_7 brz-ls-lg-0 brz-fw-lg-700 brz-fss-lg-px brz-fs-lg-20 brz-ft-google brz-ff-montserrat brz-tp-lg-empty brz-css-a_PQH\" data-uniq-id=\"gvxac\" data-generated-css=\"brz-css-zssai\"><span style=\"background-color: initial; color: rgb(0, 0, 0);\">Prowadzenie nauki medycznej<\/span><\/h6>\n<h6 class=\"brz-tp-lg-heading6 brz-css-rcT7Q\" data-uniq-id=\"xgmsr\" data-generated-css=\"brz-css-subfn\"><span style=\"background-color: initial; color: rgb(0, 0, 0);\"> <\/span><\/h6>\n<p class=\"brz-lh-lg-2 brz-ls-lg-0 brz-fw-lg-400 brz-fss-lg-px brz-fs-lg-16 brz-ft-google brz-ff-montserrat brz-tp-lg-empty brz-text-lg-left brz-css-sN_Vu\" data-uniq-id=\"usrnd\" data-generated-css=\"brz-css-heypl\"><strong style=\"opacity: 0.75; color: rgb(0, 0, 0);\">Platforma Didactics oferuje prowadzenie zaj\u0119\u0107 online oraz przeprowadzanie interaktywnych test\u00f3w. <\/strong><\/p>\n<\/div>\n<\/div>\n<\/div>\n<\/div>\n<\/div>\n<\/div>\n<\/div>\n<div class=\"brz-columns brz-css-ia2yL brz-css-yK4X9\" data-brz-custom-id=\"znmyteihswiddwuwkmsouccptxzfryihmoyp\">\n<div class=\"brz-bg\"><\/div>\n<div class=\"brz-column__items brz-css-oBhc3 brz-css-b9st7\">\n<div id class=\"brz-css-qFGgn brz-css-faJo7 brz-wrapper\">\n<div class=\"brz-icon-text brz-css-jg_PX brz-css-u3iuX\" data-brz-custom-id=\"rpkggwbmtsbgqvjauormquqisslbgbszrnqp\">\n<div class=\"brz-icon__container\" data-brz-custom-id=\"tgkmnpiznqnqrxtxwxitmygadyurmgeuakts\"><span class=\"brz-icon brz-span brz-css-v2iIf brz-css-s8G2W\"><svg xmlns=\"http:\/\/www.w3.org\/2000\/svg\" viewbox=\"0 0 640 512\" class=\"brz-icon-svg align-[initial]\" data-type=\"fa\" data-name=\"laptop-medical\"><!--! Font Awesome Free 6.4.0 by @fontawesome - https:\/\/fontawesome.com License - https:\/\/fontawesome.com\/license\/free (Icons: CC BY 4.0, Fonts: SIL OFL 1.1, Code: MIT License) Copyright 2023 Fonticons, Inc.--><path d=\"M64 96c0-35.3 28.7-64 64-64h384c35.3 0 64 28.7 64 64v256h-64V96H128v256H64V96zM0 403.2C0 392.6 8.6 384 19.2 384h601.6c10.6 0 19.2 8.6 19.2 19.2 0 42.4-34.4 76.8-76.8 76.8H76.8C34.4 480 0 445.6 0 403.2zM288 160c0-8.8 7.2-16 16-16h32c8.8 0 16 7.2 16 16v48h48c8.8 0 16 7.2 16 16v32c0 8.8-7.2 16-16 16h-48v48c0 8.8-7.2 16-16 16h-32c-8.8 0-16-7.2-16-16v-48h-48c-8.8 0-16-7.2-16-16v-32c0-8.8 7.2-16 16-16h48v-48z\"\/><\/svg><\/span><\/div>\n<div class=\"brz-text-btn\">\n<div class=\"brz-rich-text brz-rich-text__custom brz-css-spDGa\" data-brz-custom-id=\"qrzjwdchhkwdlfxjbibikrrrgxcmdggmahdi\">\n<div data-brz-translate-text=\"1\">\n<h6 class=\"brz-mb-lg-20 brz-tp-lg-empty brz-ff-montserrat brz-ft-google brz-fs-lg-20 brz-fss-lg-px brz-fw-lg-700 brz-ls-lg-0 brz-lh-lg-1_7 brz-css-v3xvx\" data-uniq-id=\"avtlh\" data-generated-css=\"brz-css-zludv\"><span style=\"color: rgb(0, 0, 0);\">Obs\u0142uga plac\u00f3wek medycznych<\/span><\/h6>\n<p data-uniq-id=\"bofhh\" data-generated-css=\"brz-css-wefom\" class=\"brz-tp-lg-empty brz-ff-montserrat brz-ft-google brz-fs-lg-16 brz-fss-lg-px brz-fw-lg-400 brz-ls-lg-0 brz-lh-lg-2 brz-css-ryOqJ\"><strong style=\"color: rgb(0, 0, 0); opacity: 0.75;\">Zapewniamy oprogramowanie do prowadzenia opieki koordynowanej, utrzymania budynku i wiele innych.<\/strong><\/p>\n<\/div>\n<\/div>\n<\/div>\n<\/div>\n<\/div>\n<\/div>\n<\/div>\n<div class=\"brz-columns brz-css-ia2yL brz-css-l3zTB\" data-brz-custom-id=\"suaijimginycanboipaypendqbhbebvxiuxz\">\n<div class=\"brz-bg\"><\/div>\n<div class=\"brz-column__items brz-css-oBhc3 brz-css-mnX3b\">\n<div id class=\"brz-css-qFGgn brz-css-nizdL brz-wrapper\">\n<div class=\"brz-icon-text brz-css-jg_PX brz-css-dM5VA\" data-brz-custom-id=\"tdagipimkhjdqywrbkyfjtihbsogohbspiaa\">\n<div class=\"brz-icon__container\" data-brz-custom-id=\"tuydhgsloelbyergunjhilgvgcocadflcbsq\"><span class=\"brz-icon brz-span brz-css-v2iIf brz-css-qovdS\"><svg xmlns=\"http:\/\/www.w3.org\/2000\/svg\" viewbox=\"0 0 512 512\" class=\"brz-icon-svg align-[initial]\" data-type=\"fa\" data-name=\"camera\"><path d=\"M512 144v288c0 26.5-21.5 48-48 48H48c-26.5 0-48-21.5-48-48V144c0-26.5 21.5-48 48-48h88l12.3-32.9c7-18.7 24.9-31.1 44.9-31.1h125.5c20 0 37.9 12.4 44.9 31.1L376 96h88c26.5 0 48 21.5 48 48zM376 288c0-66.2-53.8-120-120-120s-120 53.8-120 120 53.8 120 120 120 120-53.8 120-120zm-32 0c0 48.5-39.5 88-88 88s-88-39.5-88-88 39.5-88 88-88 88 39.5 88 88z\"\/><\/svg><\/span><\/div>\n<div class=\"brz-text-btn\">\n<div class=\"brz-rich-text brz-rich-text__custom brz-css-spDGa\" data-brz-custom-id=\"fbxhpjnkxaeibjyyrgbxyhgisrrtipwhvtbw\">\n<div data-brz-translate-text=\"1\">\n<h6 class=\"brz-lh-lg-1_7 brz-ls-lg-0 brz-fw-lg-700 brz-fss-lg-px brz-fs-lg-20 brz-ft-google brz-ff-montserrat brz-tp-lg-empty brz-mb-lg-20 brz-css-hhS44\" data-uniq-id=\"lnrci\" data-generated-css=\"brz-css-dyxgi\"><span style=\"color: rgb(0, 0, 0);\">U\u0142atwienie skanowania preparat\u00f3w <\/span><\/h6>\n<h6 class=\"brz-lh-lg-2 brz-ls-lg-0 brz-fw-lg-400 brz-fss-lg-px brz-fs-lg-16 brz-ft-google brz-ff-montserrat brz-tp-lg-empty brz-mb-lg-20 brz-css-tXSek\" data-uniq-id=\"dfchz\" data-generated-css=\"brz-css-midrm\"><strong style=\"opacity: 0.75; color: rgb(0, 0, 0);\">Rozwi\u0105zanie Makroskop zapewnia u\u0142atwion\u0105 digitalizacj\u0119 preparat\u00f3w z zachowaniem wysokiej jako\u015bci skanu.<\/strong><\/h6>\n<\/div>\n<\/div>\n<\/div>\n<\/div>\n<\/div>\n<\/div>\n<\/div>\n<\/div>\n<\/div>\n<\/div>\n<\/div>\n<\/section>\n<section id=\"pjprewvnpqvygppvuwckevgvgdjeycdmwixh\" data-brz-iteration-count=\"1\" class=\"brz-section brz-css-yb9Qy brz-css-rZX5Z brz-animated brz-css-ym7M9 brz-css-k90bn\">\n<div class=\"brz-section__content brz-section--boxed brz-css-bK7Rw brz-css-jJxJT\" data-brz-custom-id=\"oxfwogxffiwralirgpafyjlrndugbbkmoaxr\">\n<div class=\"brz-bg\">\n<div class=\"brz-bg-image brz-bg-image-parallax\"><\/div>\n<div class=\"brz-bg-color\"><\/div>\n<\/div>\n<div class=\"brz-container brz-css-zpauK\">\n<div class=\"brz-row__container brz-css-qLKAf\" data-brz-custom-id=\"gbjcplnjdjtwviumdecabawpowvhqldtnzye\">\n<div class=\"brz-bg\"><\/div>\n<div class=\"brz-row brz-css-h2wqo brz-css-dCMCO\">\n<div class=\"brz-columns brz-css-ia2yL brz-css-sSdGC\" data-brz-custom-id=\"tlilxksqitdkcngrzoqejppytutcyxuiljvf\">\n<div class=\"brz-bg\"><\/div>\n<div class=\"brz-column__items brz-css-oBhc3\">\n<div id class=\"brz-css-qFGgn brz-wrapper\">\n<div class=\"brz-image brz-css-cVLgo\" data-brz-custom-id=\"slmupmhzsscsjhdrfveyhnjltdqzjbsagvqh\"><picture class=\"brz-picture brz-d-block brz-p-relative brz-css-e004G\"><source srcset=\"https:\/\/digitmed.pl\/wp-content\/uploads\/brizy\/imgs\/logo_cmd_png_white-144x86x0x0x144x86x1662371278.png 1x, https:\/\/digitmed.pl\/wp-content\/uploads\/brizy\/imgs\/logo_cmd_png_white-288x172x0x0x288x172x1662371278.png 2x\" media=\"(min-width: 992px)\"><source srcset=\"https:\/\/digitmed.pl\/wp-content\/uploads\/brizy\/imgs\/logo_cmd_png_white-90x54x0x0x90x54x1662371278.png 1x, https:\/\/digitmed.pl\/wp-content\/uploads\/brizy\/imgs\/logo_cmd_png_white-180x108x0x0x180x108x1662371278.png 2x\" media=\"(min-width: 768px)\"><img decoding=\"async\" class=\"brz-img\" srcset=\"https:\/\/digitmed.pl\/wp-content\/uploads\/brizy\/imgs\/logo_cmd_png_white-172x103x0x0x172x103x1662371278.png 1x, https:\/\/digitmed.pl\/wp-content\/uploads\/brizy\/imgs\/logo_cmd_png_white-344x206x0x0x344x206x1662371278.png 2x\" src=\"https:\/\/digitmed.pl\/wp-content\/uploads\/brizy\/imgs\/logo_cmd_png_white-144x86x0x0x144x86x1662371278.png\" alt=\"\" draggable=\"false\" loading=\"lazy\"><\/picture><\/div>\n<\/div>\n<div id class=\"brz-css-qFGgn brz-css-lihRW brz-wrapper\">\n<div class=\"brz-spacer brz-css-bQao6 brz-css-faLNZ\"><\/div>\n<\/div>\n<div id class=\"brz-css-qFGgn brz-wrapper\">\n<div class=\"brz-rich-text brz-rich-text__custom brz-css-spDGa\" data-brz-custom-id=\"gygbwldhhplsxlscnbqyhnowymamgakmobgk\">\n<div data-brz-translate-text=\"1\">\n<p class=\"brz-lh-lg-1_7 brz-ls-lg-0 brz-fw-lg-400 brz-fss-lg-px brz-fs-lg-20 brz-ft-google brz-ff-montserrat brz-tp-lg-empty brz-text-lg-center brz-css-wmo4s\" data-generated-css=\"brz-css-pqnhm\" data-uniq-id=\"ymktn\"><strong class=\"brz-cp-color6\">Centrum Medyczno-Diagnostyczne<\/strong><\/p>\n<\/div>\n<\/div>\n<\/div>\n<\/div>\n<p><a class=\"brz-a brz-container-link\" href=\"https:\/\/centrum.med.pl\" target=\"_blank\" rel=\"noopener nofollow\" data-brz-link-type=\"external\"><\/a><\/div>\n<div class=\"brz-columns brz-css-ia2yL brz-css-vTq4V\" data-brz-custom-id=\"ncjijnduvtrfuycfqhwwqlyvvtrfrvofyipl\">\n<div class=\"brz-bg\"><\/div>\n<div class=\"brz-column__items brz-css-oBhc3\">\n<div id class=\"brz-css-qFGgn brz-wrapper\">\n<div class=\"brz-image brz-css-lkR0I brz-css-jKnxo\" data-brz-custom-id=\"omqhclvbmtilswippdfajzqcdcyifafjcfkf\"><picture class=\"brz-picture brz-d-block brz-p-relative brz-css-tGZfE brz-css-yNpLZ\"><source srcset=\"https:\/\/digitmed.pl\/wp-content\/uploads\/brizy\/3242\/assets\/images\/logo_cmj.png 1x, https:\/\/digitmed.pl\/wp-content\/uploads\/brizy\/3242\/assets\/images\/logo_cmj.png 2x\" media=\"(min-width: 992px)\"><source srcset=\"https:\/\/digitmed.pl\/wp-content\/uploads\/brizy\/3242\/assets\/images\/logo_cmj.png 1x, https:\/\/digitmed.pl\/wp-content\/uploads\/brizy\/3242\/assets\/images\/logo_cmj.png 2x\" media=\"(min-width: 768px)\"><img decoding=\"async\" class=\"brz-img\" srcset=\"https:\/\/digitmed.pl\/wp-content\/uploads\/brizy\/3242\/assets\/images\/logo_cmj.png 1x, https:\/\/digitmed.pl\/wp-content\/uploads\/brizy\/3242\/assets\/images\/logo_cmj.png 2x\" src=\"https:\/\/digitmed.pl\/wp-content\/uploads\/brizy\/3242\/assets\/images\/logo_cmj.png\" alt=\"\" draggable=\"false\" loading=\"lazy\"><\/picture><\/div>\n<\/div>\n<div id class=\"brz-css-qFGgn brz-css-lihRW brz-wrapper\">\n<div class=\"brz-spacer brz-css-bQao6 brz-css-teVLO\"><\/div>\n<\/div>\n<div id class=\"brz-css-qFGgn brz-wrapper\">\n<div class=\"brz-rich-text brz-rich-text__custom brz-css-spDGa\" data-brz-custom-id=\"npkyptxqtdrgovlxkzpbquznjytyookdaipw\">\n<div data-brz-translate-text=\"1\">\n<p class=\"brz-text-lg-center brz-tp-lg-empty brz-ff-montserrat brz-ft-google brz-fs-lg-20 brz-fss-lg-px brz-fw-lg-400 brz-ls-lg-0 brz-lh-lg-1_7 brz-css-ybYP6\" data-uniq-id=\"fyzqg\" data-generated-css=\"brz-css-vgmwe\"><span class=\"brz-cp-color6 brz-span\" style><strong>Centrum Medyczne J\u00f3zef\u00f3w<\/strong><\/span><\/p>\n<\/div>\n<\/div>\n<\/div>\n<\/div>\n<p><a class=\"brz-a brz-container-link\" href=\"https:\/\/cmj.med.pl\" target=\"_blank\" rel=\"noopener nofollow\" data-brz-link-type=\"external\"><\/a><\/div>\n<div class=\"brz-columns brz-css-ia2yL brz-css-qiVsT\" data-brz-custom-id=\"ysvoabyrgekauumchkyinirpjquiiutkxizn\">\n<div class=\"brz-bg\"><\/div>\n<div class=\"brz-column__items brz-css-oBhc3 brz-css-fy4h1\">\n<div id class=\"brz-css-qFGgn brz-css-sxKbd brz-wrapper\">\n<div class=\"brz-rich-text brz-rich-text__custom brz-css-spDGa\" data-brz-custom-id=\"kyayooisejieaiwsbslsdrvvxxfystgwnqrd\">\n<div data-brz-translate-text=\"1\">\n<p class=\"brz-bcp-color8 brz-tp-lg-empty brz-ff-montserrat brz-ft-google brz-fs-lg-23 brz-fss-lg-px brz-fw-lg-600 brz-ls-lg-0 brz-lh-lg-1_3 brz-text-lg-center brz-css-jDBMD\" data-uniq-id=\"ronxy\" data-generated-css=\"brz-css-qdtkj\"><span class=\"brz-cp-color8\"> Wsp\u00f3\u0142pracujemy z plac\u00f3wkami medycznymi w wojew\u00f3dztwie mazowieckim<\/span><\/p>\n<\/div>\n<\/div>\n<\/div>\n<div id class=\"brz-css-qFGgn brz-css-lihRW brz-css-in5gK brz-wrapper\">\n<div class=\"brz-spacer brz-css-bQao6 brz-css-f1TAz\"><\/div>\n<\/div>\n<\/div>\n<\/div>\n<\/div>\n<\/div>\n<\/div>\n<\/div>\n<\/section>\n<\/div>\n<p>    <!-- version:1705326672 --><\/p>\n","protected":false},"excerpt":{"rendered":"<p>Innowacyjne rozwi\u0105zania Digitmed to innowacyjne rozwi\u0105zania dopasowane do potrzeb klienta Firma Digitmed realizuje projekty informatyczne i marketingowe, kt\u00f3re g\u0142\u0119boko wnikaj\u0105 w proces biznesowy klienta. Nie tworzymy dora\u017anych rozwi\u0105za\u0144. Pomagamy instytucji zamawiaj\u0105cej przechodzi\u0107 transformacj\u0119 cyfrow\u0105 razem z transformacj\u0105 biznesow\u0105. Projekty s\u0105 przeznaczone dla firm, kt\u00f3re potrafi\u0105 okre\u015bli\u0107 cele, jakie chc\u0105 osi\u0105gn\u0105\u0107. Aby skutecznie realizowa\u0107 ten spos\u00f3b [&hellip;]<\/p>\n","protected":false},"author":2,"featured_media":0,"parent":0,"menu_order":0,"comment_status":"closed","ping_status":"closed","template":"","meta":{"footnotes":""},"class_list":["post-3383","page","type-page","status-publish","hentry"],"blocksy_meta":{"styles_descriptor":{"styles":{"desktop":"","tablet":"","mobile":""},"google_fonts":[],"version":6}},"_links":{"self":[{"href":"https:\/\/digitmed.pl\/index.php\/wp-json\/wp\/v2\/pages\/3383","targetHints":{"allow":["GET"]}}],"collection":[{"href":"https:\/\/digitmed.pl\/index.php\/wp-json\/wp\/v2\/pages"}],"about":[{"href":"https:\/\/digitmed.pl\/index.php\/wp-json\/wp\/v2\/types\/page"}],"author":[{"embeddable":true,"href":"https:\/\/digitmed.pl\/index.php\/wp-json\/wp\/v2\/users\/2"}],"replies":[{"embeddable":true,"href":"https:\/\/digitmed.pl\/index.php\/wp-json\/wp\/v2\/comments?post=3383"}],"version-history":[{"count":26,"href":"https:\/\/digitmed.pl\/index.php\/wp-json\/wp\/v2\/pages\/3383\/revisions"}],"predecessor-version":[{"id":4276,"href":"https:\/\/digitmed.pl\/index.php\/wp-json\/wp\/v2\/pages\/3383\/revisions\/4276"}],"wp:attachment":[{"href":"https:\/\/digitmed.pl\/index.php\/wp-json\/wp\/v2\/media?parent=3383"}],"curies":[{"name":"wp","href":"https:\/\/api.w.org\/{rel}","templated":true}]}}